27 = 5*j. What is the tens digit of h?
7
Let c be (-3 - -6 - -2406) + (4 - 1). Suppose m - 13*m = -c. What is the units digit of m?
1
Let s(g) = -g**2 + 5*g - 194. Let o(f) = -f**2 + 3*f - 194. Let k(r) = -5*o(r) + 4*s(r). What is the hundreds digit of k(0)?
1
Let x = 58 - 54. Suppose 153 = x*f + 4*u - 5*u, 4*u = -3*f + 129. Suppose 37*z = f*z - 194. What is the units digit of z?
7
Let q = 65 + -50. Suppose -9*i + 4*i = -q. Suppose 5*o = 4*y - 138, i*y - o - 107 = o. What is the units digit of y?
7
Suppose -5*l = -4*s + 40355, -4*s + 22011 = -3*l - 18346. What is the hundreds digit of s?
0
Let t(i) = 5901*i - 564. What is the units digit of t(7)?
3
Suppose -3*m - 3*r = -52608, 42*m - 5*r - 87630 = 37*m. What is the units digit of m?
1
Let r(w) = 150*w**3 + 2*w**2 - 22*w + 20. Let b be r(1). Let u be -1 + 2 + 0 + -30. Let f = u + b. What is the units digit of f?
1
Let d(x) = 7*x**2 - 13*x - 14. Let l(n) = 15*n**2 - 27*n - 28. Let c(b) = 13*d(b) - 6*l(b). Let p be (1/3)/((-1)/21). What is the units digit of c(p)?
4
Let b = 556 - 316. Suppose 4*r - b = r. Suppose 4*c - c + 4*w - r = 0, 2*c + 2*w = 54. What is the units digit of c?
8
Let b(t) = -2*t + 12. Suppose 0*p = -4*i + 2*p - 6, -2*i - 2*p - 6 = 0. Let h be (13/i)/((-14)/(-28)). What is the tens digit of b(h)?
3
Let t(i) = -1482*i - 1333. What is the hundreds digit of t(-24)?
2
Suppose -3*t - 1169 = -p, 2*p + 3*p - 3*t - 5809 = 0. What is the tens digit of (-1 - p*-1)/1?
5
Let t = 0 + 8. Suppose -7 = -t*x + 25. What is the units digit of (44 + x)*(-2)/(-3)?
2
Let j = 6194 + 18306. What is the units digit of j?
0
Let m(w) = 5*w - 18. Let g be m(4). Suppose 2*d - g*c - 856 = 0, -2*c = d - 17 - 396. What is the tens digit of d?
2
Let p(l) = 6*l - 42 + 20 + 20 - 3*l**2 - l**3. Let j(u) = -4*u**2 - 11*u - 3. Let i be j(-3). What is the units digit of p(i)?
0
Let c = -38 - -78. Let u = 573 - c. What is the units digit of u?
3
What is the thousands digit of 59*(121 + -5) + 5?
6
Let y = 16908 - 15710. What is the hundreds digit of y?
1
Suppose 0 = 84*u + 100*u - 908224. What is the hundreds digit of u?
9
What is the tens digit of -9074*(2 - (-2)/(-4))*(-34)/102?
3
Let h(y) = -31*y**3 - y - 1. Let k = 87 + -36. Let d = 50 - k. What is the tens digit of h(d)?
3
Suppose 4*h = -272*d + 270*d + 2404, 2*d = 5*h + 2350. What is the units digit of d?
0
Let k be (-1 - (-4 - -1)) + 247. Suppose k - 41 = 8*g. Suppose g + 218 = 4*d. What is the units digit of d?
1
Let g(p) = 3*p**2 + 79*p - 91. Suppose 12*f - 5*t + 51 = 11*f, -3*f - 133 = -5*t. What is the hundreds digit of g(f)?
7
Suppose 2700 = -n + 2704. Suppose -166 = -3*a + 245. Suppose a - 561 = -n*l. What is the units digit of l?
6
Let x(i) = 2*i**3 - i**2 - i + 624. Let n be x(0). Let k = -488 + n. What is the hundreds digit of k?
1
Let n = 1287 - 610. Let c = 4510 - 4507. Suppose -c*a + t = -n, 0 = -2*a + 2*t + 117 + 333. What is the tens digit of a?
2
Let a = 52 + -48. Suppose 5*m = -0*m + a*r - 76, r - 4 = 0. Let q = m + 54. What is the tens digit of q?
4
Let n = -39412 - -66717. What is the units digit of n?
5
Let r = -1320 - -5937. What is the thousands digit of r?
4
Suppose 0 = 23*i - 27*i + 4216. Let b = 1540 - i. What is the hundreds digit of b?
4
Suppose -3*u - 3*u + 18 = 0. Suppose -u*k + 18 = -9. What is the units digit of k + 5 + -1 + -6?
7
Suppose m - w = 4*m - 10, 0 = -5*m + 2*w + 35. Suppose 0 = 3*d - m*t - 15, 4*d - 13 - 7 = 4*t. Suppose -d*f + 163 = -17. What is the units digit of f?
6
Let h(k) = -18*k - 10 + 29*k + 4*k. Let f = 12 + -5. What is the units digit of h(f)?
5
Let b = -21 + 3277. What is the hundreds digit of b?
2
Let x = 46 - 47. Let i be 4*x + 26 + -5. Suppose 13*d - i*d + 436 = 0. What is the hundreds digit of d?
1
Let t = 3612 - 938. What is the tens digit of t?
7
Let p = -2732 - -4694. What is the thousands digit of p?
1
Suppose -37746 + 605018 = 46*t. Suppose 32*v - t + 1004 = 0. What is the hundreds digit of v?
3
Suppose -206*o + 8170 = p - 202*o, 0 = 5*o. What is the thousands digit of p?
8
Suppose -27091 = 2*q - m - 142058, m - 287393 = -5*q. What is the hundreds digit of q?
4
Let r(d) be the first derivative of -5*d**3/6 - 15*d**2 + 23*d - 42. Let b(o) be the first derivative of r(o). What is the tens digit of b(-15)?
4
Suppose 4*x = -3*p - 389, 288 = -3*x - 4*p + p. Let l = x + 377. What is the units digit of l?
6
Suppose 5*l = l + 2600. Suppose 10 = 2*q, -8*q + 4*q + l = 3*p. Suppose -33*m - p = -34*m. What is the hundreds digit of m?
2
Suppose -605288 = -84*q + 55*q. What is the tens digit of q?
7
Let a = 478 - 250. Suppose 0 = 2*v + 2*o - 226, -9*v + 11*v - a = -4*o. What is the tens digit of v?
1
Let w(p) = -3*p - 15. Let k be w(-6). Suppose 4*s = k*u + 22, -s = -4*u - 3 - 9. Let z(d) = 28*d - 7. What is the tens digit of z(s)?
0
Let d be ((-55)/(-15))/(4/24). Suppose -33*c = -d*c - 7546. What is the tens digit of c?
8
Let w(n) = 14*n + 29*n**2 - n**2 + 119 - 13*n**2 + 0*n**2. What is the units digit of w(-6)?
5
Let y = -430 + 1629. Let i = -430 + y. Suppose 0 = -10*c + 3279 - i. What is the hundreds digit of c?
2
Let d = 207708 + -140011. What is the hundreds digit of d?
6
Let a be (-9529)/(-9) + (-35)/((-3780)/24). Let f(c) = c**3 + 5*c**2 - 7*c + 3. Let g be f(-6). Suppose 705 + a = g*d. What is the tens digit of d?
9
Let i = 3698 - 585. Suppose 5*b - 2*p = 5183, 7*p - i = -3*b + 5*p. What is the thousands digit of b?
1
What is the tens digit of (-1)/9*-112534 - (-34)/(-1377)*-9?
0
Suppose -122*x - 66*x = -986436. What is the tens digit of x?
4
Suppose -172*t + 1087373 = -9*t. What is the hundreds digit of t?
6
Suppose 2*j - 4*j = 5*s - 93, 258 = 5*j + 4*s. Let b = 57 - j. Suppose -5*k + 206 = -b*k. What is the hundreds digit of k?
1
Let i = 136 + -195. Let n = -48 - i. Let o(h) = -2*h**3 + 21*h**2 + 13*h + 5. What is the tens digit of o(n)?
2
Let z(a) be the first derivative of a**3/3 + 3*a**2/2 - 40*a + 113. What is the tens digit of z(-9)?
1
Let d be (4/(-5))/(4/(-10)). Let f(y) = 4*y + 2*y**2 - y**d + 11 - 2*y + 4. What is the units digit of f(-6)?
9
Suppose -16*d = -9*d + 21. What is the tens digit of 2710/6 - (-2)/d?
5
Let p(o) = o**2 - 29*o - 4. Let l(d) = d**2 - 87*d - 12. Let y(f) = -2*l(f) + 7*p(f). What is the tens digit of y(8)?
8
Let x = -35076 + 67997. What is the tens digit of x?
2
Suppose 0*d - 4*d - 12 = o, d = 5*o - 45. Suppose 15*r - 20*r = -4*u - 56, -4*r = -32. What is the hundreds digit of (12/o)/((-2)/u) + 188?
1
Let c(s) = -s**2 + 9*s + 20. Let f be c(10). Suppose 4*l - 1436 = 8*x - f*x, -x = -5*l - 683. What is the hundreds digit of x?
7
Suppose -3*m + 14 + 156 = 5*b, -4*b + 2*m = -158. Let c(g) = -g**2 + 27*g - 17. Let d be c(21). Let o = d - b. What is the units digit of o?
2
Suppose 606*l + 24150 = 608*l. What is the units digit of l?
5
Let a(u) = -13*u - 18. Let j be a(-6). What is the tens digit of 3/(-5) - (-28296)/j?
7
Suppose 4 = r, 3*g + 2*r = g + 18. Let c be 628/7 + 2/7. Let f = g + c. What is the units digit of f?
5
Let o be (1/(-2)*4)/(2/(-4)). Suppose -32*b = -36*b + o. What is the units digit of ((-6)/(-30) - b)/((-4)/370)?
4
Suppose 9*g = 6*g + 1827. Let x(q) = 3*q**2 + 8*q + 3. Let k be x(-3). Suppose -g = -4*h + 3*o, 131 = h + o - k*o. What is the tens digit of h?
5
Let d(o) = -88*o + 24*o + 29*o + 207 + 28*o. What is the tens digit of d(0)?
0
Suppose -3*w - 2223 + 7858 + 24131 = 0. What is the units digit of w?
2
Let m(a) = -7*a**3 - 2*a**2 + 2*a - 3. Let p(w) = w**2 - 2. Let f(j) = -m(j) + p(j). Let c(r) = 2*r**2 - 4*r + 2. Let h be c(2). What is the tens digit of f(h)?
6
Suppose -13*l + 406 = -6*l. Suppose j - 13 = 2*j - 5*f, -3*f - 144 = 4*j. Let v = l + j. What is the units digit of v?
5
Let g = 48964 + 10916. What is the units digit of g?
0
Let l = 916 + -911. Suppose 4*m + 45*k = 43*k + 1858, -l*k - 1374 = -3*m. What is the units digit of m?
3
Let g(c) = 4*c + 20. Let t be g(-4). Suppose -t*f = 5*v - 5 - 3, f = v + 2. Suppose -5*n + 3*q = -88, -60 = -2*n - v*n - 5*q. What is the tens digit of n?
2
Let h be -1*(-5 - -2 - -3 - 0). What is the units digit of 12/(4 + h)*-1 - -6?
3
Let b(t) be the second derivative of t**5/20 + t**4/4 - 2*t**3/3 - 2*t**2 + 42*t. Let c = -11 - -8. What is the units digit of b(c)?
8
Let s = 15693 + -4647. What is the ten thous